ghest common factor of 2698 and 38.
38
Calculate the highest common divisor of 297 and 825.
33
Calculate the highest common divisor of 12 and 66.
6
Calculate the highest common divisor of 350 and 56.
14
What is the greatest common factor of 8310 and 270?
30
Calculate the highest common factor of 625 and 200.
25
Calculate the greatest common divisor of 250 and 19375.
125
Calculate the highest common factor of 4065 and 15.
15
What is the highest common divisor of 75 and 30?
15
What is the highest common factor of 64 and 928?
32
Calculate the greatest common divisor of 994 and 112.
14
Calculate the greatest common divisor of 58 and 16066.
58
What is the highest common divisor of 45 and 735?
15
What is the greatest common factor of 221 and 182?
13
Calculate the greatest common divisor of 315 and 90.
45
What is the greatest common divisor of 437 and 171?
19
What is the highest common factor of 32 and 1504?
32
Calculate the highest common divisor of 152 and 1672.
152
Calculate the greatest common factor of 68 and 34.
34
What is the greatest common divisor of 45 and 99?
9
What is the highest common factor of 4601 and 43?
43
Calculate the highest common factor of 22 and 16.
2
What is the greatest common divisor of 219 and 39420?
219
Calculate the highest common factor of 8 and 320.
8
What is the greatest common divisor of 10 and 1570?
10
Calculate the highest common divisor of 11 and 4488.
11
Calculate the greatest common factor of 156 and 84.
12
Calculate the highest common divisor of 1299 and 21.
3
What is the highest common factor of 3584 and 40?
8
What is the highest common factor of 6 and 8682?
6
What is the greatest common factor of 14 and 182?
14
Calculate the highest common factor of 725 and 29.
29
What is the greatest common factor of 110 and 30?
10
What is the highest common divisor of 60 and 585?
15
Calculate the highest common factor of 44 and 110.
22
Calculate the highest common factor of 3145 and 296.
37
Calculate the greatest common divisor of 284 and 71.
71
What is the highest common factor of 112 and 280?
56
What is the greatest common divisor of 56 and 7112?
56
What is the greatest common factor of 442 and 26?
26
What is the highest common divisor of 13 and 1027?
13
Calculate the greatest common factor of 201 and 3149.
67
What is the highest common divisor of 265 and 53?
53
Calculate the greatest common divisor of 3538 and 58.
58
Calculate the highest common factor of 477 and 27.
9
Calculate the greatest common factor of 1507 and 33.
11
Calculate the greatest common factor of 18 and 61695.
9
What is the highest common divisor of 54 and 342?
18
What is the greatest common factor of 728 and 224?
56
Calculate the greatest common factor of 833 and 441.
49
Calculate the greatest common factor of 805 and 28.
7
Calculate the greatest common factor of 124 and 248.
124
What is the highest common factor of 819 and 741?
39
What is the greatest common divisor of 275 and 55?
55
Calculate the greatest common divisor of 749 and 77.
7
Calculate the highest common divisor of 21758 and 344.
86
What is the greatest common divisor of 54 and 9?
9
What is the highest common divisor of 72 and 10278?
18
Calculate the greatest common divisor of 21690 and 90.
90
Calculate the greatest common divisor of 742 and 154.
14
Calculate the highest common factor of 32 and 776.
8
Calculate the highest common divisor of 98 and 245.
49
Calculate the highest common factor of 30 and 6.
6
Calculate the highest common divisor of 101 and 1.
1
Calculate the greatest common factor of 2112 and 363.
33
What is the greatest common factor of 327 and 1090?
109
What is the highest common divisor of 15495 and 15?
15
What is the greatest common divisor of 9 and 513?
9
Calculate the highest common divisor of 328 and 16.
8
What is the greatest common factor of 183 and 732?
183
What is the greatest common factor of 48 and 2064?
48
What is the highest common divisor of 129 and 2408?
43
Calculate the highest common divisor of 52105 and 85.
85
What is the greatest common factor of 9077 and 29?
29
Calculate the highest common factor of 12 and 96.
12
Calculate the highest common divisor of 142 and 710.
142
Calculate the greatest common divisor of 1 and 6277.
1
What is the greatest common divisor of 285 and 15?
15
What is the highest common divisor of 1320 and 300?
60
What is the highest common factor of 75 and 1440?
15
Calculate the highest common factor of 4669 and 2436.
203
What is the greatest common divisor of 832 and 13?
13
What is the highest common factor of 156 and 1443?
39
What is the greatest common divisor of 1 and 37?
1
What is the greatest common divisor of 4239 and 2512?
157
Calculate the highest common factor of 279 and 9.
9
Calculate the greatest common factor of 256 and 208.
16
Calculate the highest common factor of 25 and 625.
25
Calculate the greatest common divisor of 12 and 378.
6
Calculate the greatest common divisor of 59 and 649.
59
What is the highest common divisor of 33627 and 33?
33
What is the highest common divisor of 8 and 6860?
4
What is the greatest common factor of 28 and 826?
14
Calculate the highest common factor of 11356 and 102.
34
What is the greatest common divisor of 352 and 968?
88
What is the highest common divisor of 36 and 8334?
18
What is the highest common factor of 335 and 10?
5
Calculate the greatest common factor of 78 and 65.
13
What is the highest common factor of 360 and 144?
72
Calculate the highest common divisor of 135 and 15.
15
What is the greatest common divisor of 1348 and 4381?
337
What is the greatest common divisor of 104 and 1716?
52
What is the highest common factor of 15 and 195?
15
What is the highest common divisor of 1833 and 312?
39
Calculate the highest common factor of 48 and 16056.
24
What is the greatest common factor of 208 and 65?
13
Calculate the highest common factor of 7635 and 15.
15
Calculate the highest common factor of 8 and 1448.
8
Calculate the highest common factor of 12 and 612.
12
Calculate the greatest common divisor of 120 and 810.
30
Calculate the greatest common divisor of 1204 and 546.
14
What is the greatest common divisor of 360 and 20?
20
Calculate the highest common factor of 8838 and 24.
6
What is the greatest common factor of 7 and 2632?
7
Calculate the greatest common divisor of 47 and 799.
47
Calculate the highest common factor of 473 and 11.
11
What is the highest common divisor of 532 and 56?
28
What is the highest common divisor of 160 and 200?
40
What is the highest common factor of 144 and 256?
16
Calculate the greatest common factor of 35 and 1575.
35
Calculate the greatest common factor of 30 and 366.
6
Calculate the greatest common factor of 2222 and 22.
22
What is the greatest common factor of 424 and 8?
8
Calculate the highest common factor of 22 and 517.
11
What is the highest common divisor of 902 and 82?
82
What is the greatest common factor of 105 and 147?
21
Calculate the greatest common divisor of 30 and 95.
5
Calculate the highest common factor of 748 and 68.
68
Calculate the highest common divisor of 1160 and 160.
40
What is the greatest common divisor of 3626 and 784?
98
Calculate the greatest common divisor of 30 and 2130.
30
Calculate the greatest common factor of 11782 and 274.
274
Calculate the highest common factor of 29115 and 45.
45
Calculate the greatest common factor of 320 and 128.
64
Calculate the highest common divisor of 442 and 52.
26
What is the greatest common divisor of 260 and 182?
26
Calculate the greatest common divisor of 1344 and 462.
42
Calculate the highest common factor of 1572 and 12.
12
Calculate the greatest common factor of 45 and 30.
15
Calculate the greatest common divisor of 58 and 1914.
58
Calculate the highest common factor of 3281 and 170.
17
Calculate the greatest common factor of 1424 and 534.
178
What is the greatest common divisor of 18 and 8595?
9
What is the greatest common factor of 5141 and 53?
53
What is the greatest common factor of 510 and 50?
10
Calculate the greatest common divisor of 424 and 8.
8
What is the greatest common factor of 462 and 63?
21
Calculate the greatest common factor of 2093 and 364.
91
What is the greatest common factor of 404 and 136?
4
What is the highest common factor of 54 and 774?
18
Calculate the h